{"id":77,"date":"2021-06-07T19:56:19","date_gmt":"2021-06-07T19:56:19","guid":{"rendered":"https:\/\/experienciassalvajes.com\/?page_id=77"},"modified":"2025-08-01T17:28:29","modified_gmt":"2025-08-01T17:28:29","slug":"cabanas","status":"publish","type":"page","link":"https:\/\/experienciassalvajes.com\/?page_id=77","title":{"rendered":"Caba\u00f1as"},"content":{"rendered":"\t\t<div data-elementor-type=\"wp-page\" data-elementor-id=\"77\" class=\"elementor elementor-77\">\n\t\t\t\t\t\t<section class=\"elementor-section elementor-top-section elementor-element elementor-element-6e5c5a6 elementor-section-full_width elementor-section-height-full elementor-section-items-stretch elementor-section-height-default\" data-id=\"6e5c5a6\" data-element_type=\"section\" data-e-type=\"section\">\n\t\t\t\t\t\t<div class=\"elementor-container elementor-column-gap-default\">\n\t\t\t\t\t<div class=\"elementor-column elementor-col-50 elementor-top-column elementor-element elementor-element-4d79557\" data-id=\"4d79557\" data-element_type=\"column\" data-e-type=\"column\" data-settings=\"{&quot;background_background&quot;:&quot;classic&quot;}\">\n\t\t\t<div class=\"elementor-widget-wrap elementor-element-populated\">\n\t\t\t\t\t<div class=\"elementor-background-overlay\"><\/div>\n\t\t\t\t\t\t<div class=\"elementor-element elementor-element-f66b64f elementor-widget elementor-widget-spacer\" data-id=\"f66b64f\" data-element_type=\"widget\" data-e-type=\"widget\" data-widget_type=\"spacer.default\">\n\t\t\t\t<div class=\"elementor-widget-container\">\n\t\t\t\t\t\t\t<div class=\"elementor-spacer\">\n\t\t\t<div class=\"elementor-spacer-inner\"><\/div>\n\t\t<\/div>\n\t\t\t\t\t\t<\/div>\n\t\t\t\t<\/div>\n\t\t\t\t<div class=\"elementor-element elementor-element-eadab18 elementor-widget elementor-widget-heading\" data-id=\"eadab18\" data-element_type=\"widget\" data-e-type=\"widget\" data-widget_type=\"heading.default\">\n\t\t\t\t<div class=\"elementor-widget-container\">\n\t\t\t\t\t<h2 class=\"elementor-heading-title elementor-size-default\">CABA\u00d1AS<\/h2>\t\t\t\t<\/div>\n\t\t\t\t<\/div>\n\t\t\t\t<div class=\"elementor-element elementor-element-fd1fa1a elementor-widget elementor-widget-spacer\" data-id=\"fd1fa1a\" data-element_type=\"widget\" data-e-type=\"widget\" data-widget_type=\"spacer.default\">\n\t\t\t\t<div class=\"elementor-widget-container\">\n\t\t\t\t\t\t\t<div class=\"elementor-spacer\">\n\t\t\t<div class=\"elementor-spacer-inner\"><\/div>\n\t\t<\/div>\n\t\t\t\t\t\t<\/div>\n\t\t\t\t<\/div>\n\t\t\t\t<div class=\"elementor-element elementor-element-05279c7 elementor-widget elementor-widget-heading\" data-id=\"05279c7\" data-element_type=\"widget\" data-e-type=\"widget\" data-widget_type=\"heading.default\">\n\t\t\t\t<div class=\"elementor-widget-container\">\n\t\t\t\t\t<h2 class=\"elementor-heading-title elementor-size-default\">Caba\u00f1a N\u00f3rdica<\/h2>\t\t\t\t<\/div>\n\t\t\t\t<\/div>\n\t\t\t\t<div class=\"elementor-element elementor-element-c383156 elementor-align-center elementor-widget elementor-widget-button\" data-id=\"c383156\" data-element_type=\"widget\" data-e-type=\"widget\" data-widget_type=\"button.default\">\n\t\t\t\t<div class=\"elementor-widget-container\">\n\t\t\t\t\t\t\t\t\t<div class=\"elementor-button-wrapper\">\n\t\t\t\t\t<a class=\"elementor-button elementor-button-link elementor-size-sm\" href=\"https:\/\/experienciassalvajes.com\/?p=1124\">\n\t\t\t\t\t\t<span class=\"elementor-button-content-wrapper\">\n\t\t\t\t\t\t\t\t\t<span class=\"elementor-button-text\">Ver<\/span>\n\t\t\t\t\t<\/span>\n\t\t\t\t\t<\/a>\n\t\t\t\t<\/div>\n\t\t\t\t\t\t\t\t<\/div>\n\t\t\t\t<\/div>\n\t\t\t\t<div class=\"elementor-element elementor-element-c3622ee elementor-widget elementor-widget-spacer\" data-id=\"c3622ee\" data-element_type=\"widget\" data-e-type=\"widget\" data-widget_type=\"spacer.default\">\n\t\t\t\t<div class=\"elementor-widget-container\">\n\t\t\t\t\t\t\t<div class=\"elementor-spacer\">\n\t\t\t<div class=\"elementor-spacer-inner\"><\/div>\n\t\t<\/div>\n\t\t\t\t\t\t<\/div>\n\t\t\t\t<\/div>\n\t\t\t\t\t<\/div>\n\t\t<\/div>\n\t\t\t\t<div class=\"elementor-column elementor-col-50 elementor-top-column elementor-element elementor-element-6c0e7cb\" data-id=\"6c0e7cb\" data-element_type=\"column\" data-e-type=\"column\" data-settings=\"{&quot;background_background&quot;:&quot;classic&quot;}\">\n\t\t\t<div class=\"elementor-widget-wrap elementor-element-populated\">\n\t\t\t\t\t<div class=\"elementor-background-overlay\"><\/div>\n\t\t\t\t\t\t<div class=\"elementor-element elementor-element-b509302 elementor-widget elementor-widget-spacer\" data-id=\"b509302\" data-element_type=\"widget\" data-e-type=\"widget\" data-widget_type=\"spacer.default\">\n\t\t\t\t<div class=\"elementor-widget-container\">\n\t\t\t\t\t\t\t<div class=\"elementor-spacer\">\n\t\t\t<div class=\"elementor-spacer-inner\"><\/div>\n\t\t<\/div>\n\t\t\t\t\t\t<\/div>\n\t\t\t\t<\/div>\n\t\t\t\t<div class=\"elementor-element elementor-element-afa7c2b elementor-widget elementor-widget-heading\" data-id=\"afa7c2b\" data-element_type=\"widget\" data-e-type=\"widget\" data-widget_type=\"heading.default\">\n\t\t\t\t<div class=\"elementor-widget-container\">\n\t\t\t\t\t<h2 class=\"elementor-heading-title elementor-size-default\">Chozo De Piedra<\/h2>\t\t\t\t<\/div>\n\t\t\t\t<\/div>\n\t\t\t\t<div class=\"elementor-element elementor-element-eb7999f elementor-align-center elementor-widget elementor-widget-button\" data-id=\"eb7999f\" data-element_type=\"widget\" data-e-type=\"widget\" data-widget_type=\"button.default\">\n\t\t\t\t<div class=\"elementor-widget-container\">\n\t\t\t\t\t\t\t\t\t<div class=\"elementor-button-wrapper\">\n\t\t\t\t\t<a class=\"elementor-button elementor-button-link elementor-size-sm\" href=\"https:\/\/experienciassalvajes.com\/?p=1136\">\n\t\t\t\t\t\t<span class=\"elementor-button-content-wrapper\">\n\t\t\t\t\t\t\t\t\t<span class=\"elementor-button-text\">Ver<\/span>\n\t\t\t\t\t<\/span>\n\t\t\t\t\t<\/a>\n\t\t\t\t<\/div>\n\t\t\t\t\t\t\t\t<\/div>\n\t\t\t\t<\/div>\n\t\t\t\t<div class=\"elementor-element elementor-element-9946cb1 elementor-widget elementor-widget-spacer\" data-id=\"9946cb1\" data-element_type=\"widget\" data-e-type=\"widget\" data-widget_type=\"spacer.default\">\n\t\t\t\t<div class=\"elementor-widget-container\">\n\t\t\t\t\t\t\t<div class=\"elementor-spacer\">\n\t\t\t<div class=\"elementor-spacer-inner\"><\/div>\n\t\t<\/div>\n\t\t\t\t\t\t<\/div>\n\t\t\t\t<\/div>\n\t\t\t\t\t<\/div>\n\t\t<\/div>\n\t\t\t\t\t<\/div>\n\t\t<\/section>\n\t\t\t\t<\/div>\n\t\t","protected":false},"excerpt":{"rendered":"<p>CABA\u00d1AS Caba\u00f1a N\u00f3rdica Ver Chozo De Piedra Ver<\/p>\n","protected":false},"author":2,"featured_media":0,"parent":0,"menu_order":0,"comment_status":"closed","ping_status":"closed","template":"","meta":{"_acf_changed":false,"footnotes":""},"class_list":["post-77","page","type-page","status-publish","hentry"],"acf":[],"yoast_head":"<!-- This site is optimized with the Yoast SEO plugin v27.6 - https:\/\/yoast.com\/product\/yoast-seo-wordpress\/ -->\n<title>Caba\u00f1as - Experiencias Salvajes<\/title>\n<meta name=\"robots\" content=\"index, follow, max-snippet:-1, max-image-preview:large, max-video-preview:-1\" \/>\n<link rel=\"canonical\" href=\"https:\/\/experienciassalvajes.com\/?page_id=77\" \/>\n<meta property=\"og:locale\" content=\"es_ES\" \/>\n<meta property=\"og:type\" content=\"article\" \/>\n<meta property=\"og:title\" content=\"Caba\u00f1as - Experiencias Salvajes\" \/>\n<meta property=\"og:description\" content=\"CABA\u00d1AS Caba\u00f1a N\u00f3rdica Ver Chozo De Piedra Ver\" \/>\n<meta property=\"og:url\" content=\"https:\/\/experienciassalvajes.com\/?page_id=77\" \/>\n<meta property=\"og:site_name\" content=\"Experiencias Salvajes\" \/>\n<meta property=\"article:modified_time\" content=\"2025-08-01T17:28:29+00:00\" \/>\n<meta name=\"twitter:card\" content=\"summary_large_image\" \/>\n<meta name=\"twitter:label1\" content=\"Tiempo de lectura\" \/>\n\t<meta name=\"twitter:data1\" content=\"1 minuto\" \/>\n<script type=\"application\/ld+json\" class=\"yoast-schema-graph\">{\"@context\":\"https:\\\/\\\/schema.org\",\"@graph\":[{\"@type\":\"WebPage\",\"@id\":\"https:\\\/\\\/experienciassalvajes.com\\\/?page_id=77\",\"url\":\"https:\\\/\\\/experienciassalvajes.com\\\/?page_id=77\",\"name\":\"Caba\u00f1as - Experiencias Salvajes\",\"isPartOf\":{\"@id\":\"https:\\\/\\\/experienciassalvajes.com\\\/#website\"},\"datePublished\":\"2021-06-07T19:56:19+00:00\",\"dateModified\":\"2025-08-01T17:28:29+00:00\",\"breadcrumb\":{\"@id\":\"https:\\\/\\\/experienciassalvajes.com\\\/?page_id=77#breadcrumb\"},\"inLanguage\":\"es\",\"potentialAction\":[{\"@type\":\"ReadAction\",\"target\":[\"https:\\\/\\\/experienciassalvajes.com\\\/?page_id=77\"]}]},{\"@type\":\"BreadcrumbList\",\"@id\":\"https:\\\/\\\/experienciassalvajes.com\\\/?page_id=77#breadcrumb\",\"itemListElement\":[{\"@type\":\"ListItem\",\"position\":1,\"name\":\"Portada\",\"item\":\"https:\\\/\\\/experienciassalvajes.com\\\/\"},{\"@type\":\"ListItem\",\"position\":2,\"name\":\"Caba\u00f1as\"}]},{\"@type\":\"WebSite\",\"@id\":\"https:\\\/\\\/experienciassalvajes.com\\\/#website\",\"url\":\"https:\\\/\\\/experienciassalvajes.com\\\/\",\"name\":\"Experiencias Salvajes\",\"description\":\"\",\"publisher\":{\"@id\":\"https:\\\/\\\/experienciassalvajes.com\\\/#organization\"},\"potentialAction\":[{\"@type\":\"SearchAction\",\"target\":{\"@type\":\"EntryPoint\",\"urlTemplate\":\"https:\\\/\\\/experienciassalvajes.com\\\/?s={search_term_string}\"},\"query-input\":{\"@type\":\"PropertyValueSpecification\",\"valueRequired\":true,\"valueName\":\"search_term_string\"}}],\"inLanguage\":\"es\"},{\"@type\":\"Organization\",\"@id\":\"https:\\\/\\\/experienciassalvajes.com\\\/#organization\",\"name\":\"Experiencias Salvajes\",\"url\":\"https:\\\/\\\/experienciassalvajes.com\\\/\",\"logo\":{\"@type\":\"ImageObject\",\"inLanguage\":\"es\",\"@id\":\"https:\\\/\\\/experienciassalvajes.com\\\/#\\\/schema\\\/logo\\\/image\\\/\",\"url\":\"https:\\\/\\\/experienciassalvajes.com\\\/wp-content\\\/uploads\\\/2021\\\/02\\\/EXPERIENCIAS-SALVAJE-LOGO-1.png\",\"contentUrl\":\"https:\\\/\\\/experienciassalvajes.com\\\/wp-content\\\/uploads\\\/2021\\\/02\\\/EXPERIENCIAS-SALVAJE-LOGO-1.png\",\"width\":4724,\"height\":4724,\"caption\":\"Experiencias Salvajes\"},\"image\":{\"@id\":\"https:\\\/\\\/experienciassalvajes.com\\\/#\\\/schema\\\/logo\\\/image\\\/\"}}]}<\/script>\n<!-- \/ Yoast SEO plugin. -->","yoast_head_json":{"title":"Caba\u00f1as - Experiencias Salvajes","robots":{"index":"index","follow":"follow","max-snippet":"max-snippet:-1","max-image-preview":"max-image-preview:large","max-video-preview":"max-video-preview:-1"},"canonical":"https:\/\/experienciassalvajes.com\/?page_id=77","og_locale":"es_ES","og_type":"article","og_title":"Caba\u00f1as - Experiencias Salvajes","og_description":"CABA\u00d1AS Caba\u00f1a N\u00f3rdica Ver Chozo De Piedra Ver","og_url":"https:\/\/experienciassalvajes.com\/?page_id=77","og_site_name":"Experiencias Salvajes","article_modified_time":"2025-08-01T17:28:29+00:00","twitter_card":"summary_large_image","twitter_misc":{"Tiempo de lectura":"1 minuto"},"schema":{"@context":"https:\/\/schema.org","@graph":[{"@type":"WebPage","@id":"https:\/\/experienciassalvajes.com\/?page_id=77","url":"https:\/\/experienciassalvajes.com\/?page_id=77","name":"Caba\u00f1as - Experiencias Salvajes","isPartOf":{"@id":"https:\/\/experienciassalvajes.com\/#website"},"datePublished":"2021-06-07T19:56:19+00:00","dateModified":"2025-08-01T17:28:29+00:00","breadcrumb":{"@id":"https:\/\/experienciassalvajes.com\/?page_id=77#breadcrumb"},"inLanguage":"es","potentialAction":[{"@type":"ReadAction","target":["https:\/\/experienciassalvajes.com\/?page_id=77"]}]},{"@type":"BreadcrumbList","@id":"https:\/\/experienciassalvajes.com\/?page_id=77#breadcrumb","itemListElement":[{"@type":"ListItem","position":1,"name":"Portada","item":"https:\/\/experienciassalvajes.com\/"},{"@type":"ListItem","position":2,"name":"Caba\u00f1as"}]},{"@type":"WebSite","@id":"https:\/\/experienciassalvajes.com\/#website","url":"https:\/\/experienciassalvajes.com\/","name":"Experiencias Salvajes","description":"","publisher":{"@id":"https:\/\/experienciassalvajes.com\/#organization"},"potentialAction":[{"@type":"SearchAction","target":{"@type":"EntryPoint","urlTemplate":"https:\/\/experienciassalvajes.com\/?s={search_term_string}"},"query-input":{"@type":"PropertyValueSpecification","valueRequired":true,"valueName":"search_term_string"}}],"inLanguage":"es"},{"@type":"Organization","@id":"https:\/\/experienciassalvajes.com\/#organization","name":"Experiencias Salvajes","url":"https:\/\/experienciassalvajes.com\/","logo":{"@type":"ImageObject","inLanguage":"es","@id":"https:\/\/experienciassalvajes.com\/#\/schema\/logo\/image\/","url":"https:\/\/experienciassalvajes.com\/wp-content\/uploads\/2021\/02\/EXPERIENCIAS-SALVAJE-LOGO-1.png","contentUrl":"https:\/\/experienciassalvajes.com\/wp-content\/uploads\/2021\/02\/EXPERIENCIAS-SALVAJE-LOGO-1.png","width":4724,"height":4724,"caption":"Experiencias Salvajes"},"image":{"@id":"https:\/\/experienciassalvajes.com\/#\/schema\/logo\/image\/"}}]}},"_links":{"self":[{"href":"https:\/\/experienciassalvajes.com\/index.php?rest_route=\/wp\/v2\/pages\/77","targetHints":{"allow":["GET"]}}],"collection":[{"href":"https:\/\/experienciassalvajes.com\/index.php?rest_route=\/wp\/v2\/pages"}],"about":[{"href":"https:\/\/experienciassalvajes.com\/index.php?rest_route=\/wp\/v2\/types\/page"}],"author":[{"embeddable":true,"href":"https:\/\/experienciassalvajes.com\/index.php?rest_route=\/wp\/v2\/users\/2"}],"replies":[{"embeddable":true,"href":"https:\/\/experienciassalvajes.com\/index.php?rest_route=%2Fwp%2Fv2%2Fcomments&post=77"}],"version-history":[{"count":49,"href":"https:\/\/experienciassalvajes.com\/index.php?rest_route=\/wp\/v2\/pages\/77\/revisions"}],"predecessor-version":[{"id":1173,"href":"https:\/\/experienciassalvajes.com\/index.php?rest_route=\/wp\/v2\/pages\/77\/revisions\/1173"}],"wp:attachment":[{"href":"https:\/\/experienciassalvajes.com\/index.php?rest_route=%2Fwp%2Fv2%2Fmedia&parent=77"}],"curies":[{"name":"wp","href":"https:\/\/api.w.org\/{rel}","templated":true}]}}